{"id":39,"date":"2023-07-29T12:11:44","date_gmt":"2023-07-29T10:11:44","guid":{"rendered":"https:\/\/dev.eitk.com\/eitk\/?page_id=39"},"modified":"2026-04-23T11:16:24","modified_gmt":"2026-04-23T09:16:24","slug":"kommunikation","status":"publish","type":"page","link":"https:\/\/eitk.com\/?page_id=39","title":{"rendered":"Kommunikation"},"content":{"rendered":"\t\t<div data-elementor-type=\"wp-page\" data-elementor-id=\"39\" class=\"elementor elementor-39\">\n\t\t\t\t\t\t<section class=\"elementor-section elementor-top-section elementor-element elementor-element-bd40a7d elementor-section-full_width elementor-section-stretched elementor-section-height-default elementor-section-height-default\" data-id=\"bd40a7d\" data-element_type=\"section\" data-e-type=\"section\" data-settings=\"{&quot;stretch_section&quot;:&quot;section-stretched&quot;}\">\n\t\t\t\t\t\t<div class=\"elementor-container elementor-column-gap-default\">\n\t\t\t\t\t<div class=\"elementor-column elementor-col-100 elementor-top-column elementor-element elementor-element-996724e\" data-id=\"996724e\" data-element_type=\"column\" data-e-type=\"column\">\n\t\t\t<div class=\"elementor-widget-wrap elementor-element-populated\">\n\t\t\t\t\t\t<div class=\"elementor-element elementor-element-467e33b elementor-widget__width-initial elementor-widget elementor-widget-image\" data-id=\"467e33b\" data-element_type=\"widget\" data-e-type=\"widget\" data-widget_type=\"image.default\">\n\t\t\t\t<div class=\"elementor-widget-container\">\n\t\t\t\t\t\t\t\t\t\t\t\t\t\t\t<img decoding=\"async\" src=\"https:\/\/eitk.com\/wp-content\/uploads\/2023\/07\/Bildschirmfoto-2023-07-31-um-23.03.41.png\" title=\"Bildschirmfoto 2023-07-31 um 23.03.41\" alt=\"Bildschirmfoto 2023-07-31 um 23.03.41\" loading=\"lazy\" \/>\t\t\t\t\t\t\t\t\t\t\t\t\t\t\t<\/div>\n\t\t\t\t<\/div>\n\t\t\t\t<div class=\"elementor-element elementor-element-8f53a43 elementor-widget elementor-widget-spacer\" data-id=\"8f53a43\" data-element_type=\"widget\" data-e-type=\"widget\" data-widget_type=\"spacer.default\">\n\t\t\t\t<div class=\"elementor-widget-container\">\n\t\t\t\t\t\t\t<div class=\"elementor-spacer\">\n\t\t\t<div class=\"elementor-spacer-inner\"><\/div>\n\t\t<\/div>\n\t\t\t\t\t\t<\/div>\n\t\t\t\t<\/div>\n\t\t\t\t\t<\/div>\n\t\t<\/div>\n\t\t\t\t\t<\/div>\n\t\t<\/section>\n\t\t\t\t<section class=\"elementor-section elementor-top-section elementor-element elementor-element-76636b5 elementor-section-boxed elementor-section-height-default elementor-section-height-default\" data-id=\"76636b5\" data-element_type=\"section\" data-e-type=\"section\">\n\t\t\t\t\t\t<div class=\"elementor-container elementor-column-gap-default\">\n\t\t\t\t\t<div class=\"elementor-column elementor-col-33 elementor-top-column elementor-element elementor-element-5661e10\" data-id=\"5661e10\" data-element_type=\"column\" data-e-type=\"column\">\n\t\t\t<div class=\"elementor-widget-wrap elementor-element-populated\">\n\t\t\t\t\t\t<div class=\"elementor-element elementor-element-0c2c800 elementor-widget elementor-widget-image\" data-id=\"0c2c800\" data-element_type=\"widget\" data-e-type=\"widget\" data-widget_type=\"image.default\">\n\t\t\t\t<div class=\"elementor-widget-container\">\n\t\t\t\t\t\t\t\t\t\t\t\t\t\t\t<img fetchpriority=\"high\" decoding=\"async\" width=\"768\" height=\"231\" src=\"https:\/\/eitk.com\/wp-content\/uploads\/2026\/04\/N_Nfon_Brand_Logo_RGB_10mm_Blue-768x231.png\" class=\"attachment-medium_large size-medium_large wp-image-191\" alt=\"\" srcset=\"https:\/\/eitk.com\/wp-content\/uploads\/2026\/04\/N_Nfon_Brand_Logo_RGB_10mm_Blue-768x231.png 768w, https:\/\/eitk.com\/wp-content\/uploads\/2026\/04\/N_Nfon_Brand_Logo_RGB_10mm_Blue-300x90.png 300w, https:\/\/eitk.com\/wp-content\/uploads\/2026\/04\/N_Nfon_Brand_Logo_RGB_10mm_Blue-1024x308.png 1024w, https:\/\/eitk.com\/wp-content\/uploads\/2026\/04\/N_Nfon_Brand_Logo_RGB_10mm_Blue-1536x462.png 1536w, https:\/\/eitk.com\/wp-content\/uploads\/2026\/04\/N_Nfon_Brand_Logo_RGB_10mm_Blue-2048x616.png 2048w\" sizes=\"(max-width: 768px) 100vw, 768px\" \/>\t\t\t\t\t\t\t\t\t\t\t\t\t\t\t<\/div>\n\t\t\t\t<\/div>\n\t\t\t\t\t<\/div>\n\t\t<\/div>\n\t\t\t\t<div class=\"elementor-column elementor-col-66 elementor-top-column elementor-element elementor-element-1e8dd72\" data-id=\"1e8dd72\" data-element_type=\"column\" data-e-type=\"column\">\n\t\t\t<div class=\"elementor-widget-wrap elementor-element-populated\">\n\t\t\t\t\t\t<div class=\"elementor-element elementor-element-a9298cc elementor-widget elementor-widget-text-editor\" data-id=\"a9298cc\" data-element_type=\"widget\" data-e-type=\"widget\" data-widget_type=\"text-editor.default\">\n\t\t\t\t<div class=\"elementor-widget-container\">\n\t\t\t\t\t\t\t\t\t<div class=\"oKdM2c ZZyype Kzv0Me\" style=\"font-size: 16px; font-style: normal; font-variant-caps: normal; width: 661.0625px; max-width: 1280px; caret-color: #000000; color: #000000; font-family: sans-serif;\"><div id=\"h.p_KPhDvXVGd7RK\" class=\"hJDwNd-AhqUyc-OwsYgb Ft7HRd-AhqUyc-OwsYgb jXK9ad D2fZ2 zu5uec OjCsFc dmUFtb JYTMs\" style=\"display: inline-block; position: relative; vertical-align: top; width: 661.0625px; white-space: pre-wrap;\"><div class=\"jXK9ad-SmKAyb\" style=\"width: 661.0625px;\"><div class=\"tyJCtd mGzaTb Depvyb baZpAe\" style=\"position: relative; width: 661.0625px; padding: 14px 8px; word-wrap: break-word;\"><h1 id=\"h.p_AncbQ1oRd7RP_l\" class=\"CDt4Ke zfr3Q duRjpb\" dir=\"ltr\" style=\"font-size: 34pt; margin-bottom: 0px; font-variant-ligatures: none; outline-style: none; position: relative; text-decoration: inherit; color: #000000; font-weight: 300; font-family: Lato, sans-serif; line-height: 1.2; letter-spacing: 0.5px; pointer-events: none;\">NFON<\/h1><\/div><\/div><\/div><\/div><div class=\"oKdM2c ZZyype\" style=\"font-size: 16px; font-style: normal; font-variant-caps: normal; width: 661.0625px; max-width: 1280px; caret-color: #000000; color: #000000; font-family: sans-serif;\"><div id=\"h.p_a_ptYj0Nd7RT\" class=\"hJDwNd-AhqUyc-OwsYgb Ft7HRd-AhqUyc-OwsYgb jXK9ad D2fZ2 zu5uec wHaque g5GTcb JYTMs\" style=\"display: inline-block; position: relative; vertical-align: top; width: 661.0625px; white-space: pre-wrap;\"><div class=\"jXK9ad-SmKAyb\" style=\"width: 661.0625px;\"><div class=\"tyJCtd mGzaTb Depvyb baZpAe\" style=\"position: relative; width: 661.0625px; padding: 14px 8px; word-wrap: break-word;\"><p id=\"h.p_bihv-S2rd7RV\" class=\"CDt4Ke zfr3Q\" dir=\"ltr\" style=\"font-variant-ligatures: none; margin-bottom: 0px; outline-style: none; position: relative; text-decoration: inherit; color: #212121; font-size: 11pt; font-family: Lato, sans-serif; line-height: 1.6667;\">Die NFON AG z\u00e4hlt \u00fcber 30.000 Unternehmen in 15 europ\u00e4ischen L\u00e4ndern zu seinen Kunden. NFON bietet mit Cloudya eine einfache, unabh\u00e4ngige und verl\u00e4ssliche L\u00f6sung f\u00fcr moderne Cloud-Businesskommunikation.<\/p><p id=\"h.p_aebjBWr0eCqt\" class=\"CDt4Ke zfr3Q\" dir=\"ltr\" style=\"font-variant-ligatures: none; margin-top: 12px; margin-bottom: 0px; outline-style: none; position: relative; text-decoration: inherit; color: #212121; font-size: 11pt; font-family: Lato, sans-serif; line-height: 1.6667;\">Cloudya, die Cloud-Telefonanlage von NFON, bietet Ihnen alle Funktionalit\u00e4ten, die Sie sich je gew\u00fcnscht haben \u2013 und das ab der ersten Nebenstelle. Vom virtuellen Faxger\u00e4t \u00fcber Warteschlangen, bis hin zur App-Suite, werden alle Funktionen abgedeckt.<\/p><\/div><\/div><\/div><\/div>\t\t\t\t\t\t\t\t<\/div>\n\t\t\t\t<\/div>\n\t\t\t\t\t<\/div>\n\t\t<\/div>\n\t\t\t\t\t<\/div>\n\t\t<\/section>\n\t\t\t\t<section class=\"elementor-section elementor-top-section elementor-element elementor-element-900e29c elementor-section-boxed elementor-section-height-default elementor-section-height-default\" data-id=\"900e29c\" data-element_type=\"section\" data-e-type=\"section\">\n\t\t\t\t\t\t<div class=\"elementor-container elementor-column-gap-default\">\n\t\t\t\t\t<div class=\"elementor-column elementor-col-100 elementor-top-column elementor-element elementor-element-faf08c8\" data-id=\"faf08c8\" data-element_type=\"column\" data-e-type=\"column\">\n\t\t\t<div class=\"elementor-widget-wrap elementor-element-populated\">\n\t\t\t\t\t\t<div class=\"elementor-element elementor-element-2de1877 elementor-widget elementor-widget-image\" data-id=\"2de1877\" data-element_type=\"widget\" data-e-type=\"widget\" data-widget_type=\"image.default\">\n\t\t\t\t<div class=\"elementor-widget-container\">\n\t\t\t\t\t\t\t\t\t\t\t\t\t\t\t<img decoding=\"async\" width=\"300\" height=\"150\" src=\"https:\/\/eitk.com\/wp-content\/uploads\/2023\/07\/EmbeddedImage-3-300x150.png\" class=\"attachment-medium size-medium wp-image-75\" alt=\"\" srcset=\"https:\/\/eitk.com\/wp-content\/uploads\/2023\/07\/EmbeddedImage-3-300x150.png 300w, https:\/\/eitk.com\/wp-content\/uploads\/2023\/07\/EmbeddedImage-3.png 647w\" sizes=\"(max-width: 300px) 100vw, 300px\" \/>\t\t\t\t\t\t\t\t\t\t\t\t\t\t\t<\/div>\n\t\t\t\t<\/div>\n\t\t\t\t\t<\/div>\n\t\t<\/div>\n\t\t\t\t\t<\/div>\n\t\t<\/section>\n\t\t\t\t<section class=\"elementor-section elementor-top-section elementor-element elementor-element-f21343f elementor-section-boxed elementor-section-height-default elementor-section-height-default\" data-id=\"f21343f\" data-element_type=\"section\" data-e-type=\"section\">\n\t\t\t\t\t\t<div class=\"elementor-container elementor-column-gap-default\">\n\t\t\t\t\t<div class=\"elementor-column elementor-col-100 elementor-top-column elementor-element elementor-element-23dee5e\" data-id=\"23dee5e\" data-element_type=\"column\" data-e-type=\"column\">\n\t\t\t<div class=\"elementor-widget-wrap elementor-element-populated\">\n\t\t\t\t\t\t<div class=\"elementor-element elementor-element-5687a8c elementor-widget elementor-widget-spacer\" data-id=\"5687a8c\" data-element_type=\"widget\" data-e-type=\"widget\" data-widget_type=\"spacer.default\">\n\t\t\t\t<div class=\"elementor-widget-container\">\n\t\t\t\t\t\t\t<div class=\"elementor-spacer\">\n\t\t\t<div class=\"elementor-spacer-inner\"><\/div>\n\t\t<\/div>\n\t\t\t\t\t\t<\/div>\n\t\t\t\t<\/div>\n\t\t\t\t\t<\/div>\n\t\t<\/div>\n\t\t\t\t\t<\/div>\n\t\t<\/section>\n\t\t\t\t<section class=\"elementor-section elementor-top-section elementor-element elementor-element-3910331 elementor-section-boxed elementor-section-height-default elementor-section-height-default\" data-id=\"3910331\" data-element_type=\"section\" data-e-type=\"section\">\n\t\t\t\t\t\t<div class=\"elementor-container elementor-column-gap-default\">\n\t\t\t\t\t<div class=\"elementor-column elementor-col-100 elementor-top-column elementor-element elementor-element-8be5770\" data-id=\"8be5770\" data-element_type=\"column\" data-e-type=\"column\">\n\t\t\t<div class=\"elementor-widget-wrap elementor-element-populated\">\n\t\t\t\t\t\t<div class=\"elementor-element elementor-element-64502b5 elementor-widget elementor-widget-spacer\" data-id=\"64502b5\" data-element_type=\"widget\" data-e-type=\"widget\" data-widget_type=\"spacer.default\">\n\t\t\t\t<div class=\"elementor-widget-container\">\n\t\t\t\t\t\t\t<div class=\"elementor-spacer\">\n\t\t\t<div class=\"elementor-spacer-inner\"><\/div>\n\t\t<\/div>\n\t\t\t\t\t\t<\/div>\n\t\t\t\t<\/div>\n\t\t\t\t\t<\/div>\n\t\t<\/div>\n\t\t\t\t\t<\/div>\n\t\t<\/section>\n\t\t\t\t<section class=\"elementor-section elementor-top-section elementor-element elementor-element-f129efb elementor-section-boxed elementor-section-height-default elementor-section-height-default\" data-id=\"f129efb\" data-element_type=\"section\" data-e-type=\"section\">\n\t\t\t\t\t\t<div class=\"elementor-container elementor-column-gap-default\">\n\t\t\t\t\t<div class=\"elementor-column elementor-col-33 elementor-top-column elementor-element elementor-element-6f1a593\" data-id=\"6f1a593\" data-element_type=\"column\" data-e-type=\"column\">\n\t\t\t<div class=\"elementor-widget-wrap elementor-element-populated\">\n\t\t\t\t\t\t<div class=\"elementor-element elementor-element-8ecf0a0 elementor-widget elementor-widget-image\" data-id=\"8ecf0a0\" data-element_type=\"widget\" data-e-type=\"widget\" data-widget_type=\"image.default\">\n\t\t\t\t<div class=\"elementor-widget-container\">\n\t\t\t\t\t\t\t\t\t\t\t\t\t\t\t<img decoding=\"async\" width=\"571\" height=\"180\" src=\"https:\/\/eitk.com\/wp-content\/uploads\/2023\/07\/EmbeddedImage-5.png\" class=\"attachment-large size-large wp-image-77\" alt=\"\" srcset=\"https:\/\/eitk.com\/wp-content\/uploads\/2023\/07\/EmbeddedImage-5.png 571w, https:\/\/eitk.com\/wp-content\/uploads\/2023\/07\/EmbeddedImage-5-300x95.png 300w\" sizes=\"(max-width: 571px) 100vw, 571px\" \/>\t\t\t\t\t\t\t\t\t\t\t\t\t\t\t<\/div>\n\t\t\t\t<\/div>\n\t\t\t\t\t<\/div>\n\t\t<\/div>\n\t\t\t\t<div class=\"elementor-column elementor-col-66 elementor-top-column elementor-element elementor-element-1381614\" data-id=\"1381614\" data-element_type=\"column\" data-e-type=\"column\">\n\t\t\t<div class=\"elementor-widget-wrap elementor-element-populated\">\n\t\t\t\t\t\t<div class=\"elementor-element elementor-element-f8017c7 elementor-widget elementor-widget-text-editor\" data-id=\"f8017c7\" data-element_type=\"widget\" data-e-type=\"widget\" data-widget_type=\"text-editor.default\">\n\t\t\t\t<div class=\"elementor-widget-container\">\n\t\t\t\t\t\t\t\t\t<div class=\"oKdM2c ZZyype Kzv0Me\" style=\"font-size: 16px; font-style: normal; font-variant-caps: normal; width: 661.0625px; max-width: 1280px; caret-color: #000000; color: #000000; font-family: sans-serif;\"><div id=\"h.p_5-AFvyJah9IY\" class=\"hJDwNd-AhqUyc-OwsYgb Ft7HRd-AhqUyc-OwsYgb jXK9ad D2fZ2 zu5uec OjCsFc dmUFtb JYTMs\" style=\"display: inline-block; position: relative; vertical-align: top; width: 661.0625px; white-space: pre-wrap;\"><div class=\"jXK9ad-SmKAyb\" style=\"width: 661.0625px;\"><div class=\"tyJCtd mGzaTb Depvyb baZpAe\" style=\"position: relative; width: 661.0625px; padding: 14px 8px; word-wrap: break-word;\"><h1 id=\"h.p_DBJZI-13h9Ib_l\" class=\"CDt4Ke zfr3Q duRjpb\" style=\"font-size: 34pt; margin-bottom: 0px; font-variant-ligatures: none; outline-style: none; position: relative; text-decoration: inherit; color: #000000; font-weight: 300; font-family: Lato, sans-serif; line-height: 1.2; letter-spacing: 0.5px; pointer-events: none;\">estos<\/h1><\/div><\/div><\/div><span style=\"color: #212121; font-family: Lato, sans-serif; font-size: 11pt; text-decoration: inherit; white-space: pre-wrap;\">Seit 1997 entwickelt estos Unified Communications (UC) &amp; CTI Software zum Thema Kommunikation f\u00fcr Unternehmen. Als Technologief\u00fchrer hat estos seine Kompetenzen im Bereich Computer Telefonie Integration (CTI), Unified Messaging Software (UMS), SIP-, XMPP-, LDAP- sowie WebRTC-basierten Anwendungen, die eine unkomplizierte Audio\/Video-Kommunikation erm\u00f6glichen.<\/span><\/div><div class=\"oKdM2c ZZyype\" style=\"font-size: 16px; font-style: normal; font-variant-caps: normal; width: 661.0625px; max-width: 1280px; caret-color: #000000; color: #000000; font-family: sans-serif;\"><div id=\"h.p_boIzf9BEh9Ie\" class=\"hJDwNd-AhqUyc-OwsYgb Ft7HRd-AhqUyc-OwsYgb jXK9ad D2fZ2 zu5uec wHaque g5GTcb JYTMs\" style=\"display: inline-block; position: relative; vertical-align: top; width: 661.0625px; white-space: pre-wrap;\">\u00a0<\/div><\/div>\t\t\t\t\t\t\t\t<\/div>\n\t\t\t\t<\/div>\n\t\t\t\t\t<\/div>\n\t\t<\/div>\n\t\t\t\t\t<\/div>\n\t\t<\/section>\n\t\t\t\t<\/div>\n\t\t","protected":false},"excerpt":{"rendered":"<p>NFON Die NFON AG z\u00e4hlt \u00fcber 30.000 Unternehmen in 15 europ\u00e4ischen L\u00e4ndern zu seinen Kunden. NFON bietet mit Cloudya eine einfache, unabh\u00e4ngige und verl\u00e4ssliche L\u00f6sung f\u00fcr moderne Cloud-Businesskommunikation. Cloudya, die Cloud-Telefonanlage von NFON, bietet Ihnen alle Funktionalit\u00e4ten, die Sie sich je gew\u00fcnscht haben \u2013 und das ab der ersten Nebenstelle. Vom virtuellen Faxger\u00e4t \u00fcber Warteschlangen, [&hellip;]<\/p>\n","protected":false},"author":1,"featured_media":0,"parent":0,"menu_order":0,"comment_status":"closed","ping_status":"closed","template":"","meta":{"footnotes":""},"class_list":["post-39","page","type-page","status-publish","hentry","entry"],"_links":{"self":[{"href":"https:\/\/eitk.com\/index.php?rest_route=\/wp\/v2\/pages\/39","targetHints":{"allow":["GET"]}}],"collection":[{"href":"https:\/\/eitk.com\/index.php?rest_route=\/wp\/v2\/pages"}],"about":[{"href":"https:\/\/eitk.com\/index.php?rest_route=\/wp\/v2\/types\/page"}],"author":[{"embeddable":true,"href":"https:\/\/eitk.com\/index.php?rest_route=\/wp\/v2\/users\/1"}],"replies":[{"embeddable":true,"href":"https:\/\/eitk.com\/index.php?rest_route=%2Fwp%2Fv2%2Fcomments&post=39"}],"version-history":[{"count":0,"href":"https:\/\/eitk.com\/index.php?rest_route=\/wp\/v2\/pages\/39\/revisions"}],"wp:attachment":[{"href":"https:\/\/eitk.com\/index.php?rest_route=%2Fwp%2Fv2%2Fmedia&parent=39"}],"curies":[{"name":"wp","href":"https:\/\/api.w.org\/{rel}","templated":true}]}}